 common factor of 1 and 3061?
1
Calculate the highest common factor of 58 and 8207.
29
Calculate the greatest common factor of 560 and 217.
7
Calculate the highest common factor of 2354 and 44.
22
What is the highest common factor of 25 and 4925?
25
Calculate the highest common factor of 345 and 120.
15
What is the greatest common divisor of 333 and 9435?
111
What is the highest common factor of 600 and 30?
30
What is the greatest common divisor of 104 and 24232?
104
Calculate the highest common factor of 5 and 410.
5
Calculate the greatest common factor of 288 and 1458.
18
Calculate the highest common divisor of 129 and 42.
3
Calculate the highest common factor of 16 and 8.
8
Calculate the greatest common factor of 213 and 71.
71
Calculate the highest common divisor of 24 and 280.
8
Calculate the highest common factor of 14787 and 18.
9
Calculate the highest common factor of 1464 and 24.
24
What is the greatest common factor of 133 and 128079?
133
What is the highest common divisor of 84 and 24?
12
Calculate the highest common divisor of 6 and 1682.
2
Calculate the greatest common factor of 25 and 725.
25
What is the highest common factor of 5 and 3385?
5
What is the highest common factor of 200 and 175?
25
What is the greatest common factor of 969 and 153?
51
What is the highest common factor of 308 and 217?
7
Calculate the greatest common divisor of 9 and 8649.
9
Calculate the highest common divisor of 1722 and 294.
42
Calculate the greatest common factor of 316 and 6.
2
Calculate the highest common divisor of 56 and 1944.
8
What is the greatest common factor of 14 and 14?
14
What is the greatest common factor of 13 and 91?
13
Calculate the highest common factor of 992 and 31.
31
What is the highest common divisor of 10269 and 18?
9
What is the highest common factor of 2720 and 1120?
160
Calculate the highest common factor of 10 and 25.
5
What is the highest common divisor of 775 and 31?
31
What is the greatest common divisor of 387 and 63?
9
What is the highest common divisor of 6150 and 650?
50
What is the highest common factor of 112 and 1778?
14
Calculate the highest common divisor of 290 and 319.
29
What is the greatest common divisor of 67 and 2144?
67
What is the greatest common divisor of 33 and 341?
11
What is the highest common factor of 145 and 10005?
145
Calculate the greatest common divisor of 8 and 34.
2
Calculate the highest common divisor of 250 and 225.
25
What is the greatest common divisor of 1001 and 28?
7
Calculate the greatest common divisor of 1605 and 15.
15
Calculate the highest common factor of 788 and 4531.
197
What is the highest common divisor of 1260 and 150?
30
What is the greatest common factor of 525 and 24?
3
What is the greatest common divisor of 2870 and 5?
5
What is the highest common divisor of 1600 and 352?
32
What is the greatest common divisor of 32 and 96?
32
Calculate the highest common divisor of 208 and 39.
13
What is the greatest common divisor of 20 and 36?
4
What is the highest common divisor of 267 and 9?
3
What is the greatest common divisor of 611 and 13?
13
What is the highest common divisor of 207 and 93?
3
What is the highest common factor of 70 and 295?
5
What is the highest common divisor of 54 and 3915?
27
Calculate the greatest common factor of 46 and 69.
23
What is the highest common factor of 10 and 610?
10
Calculate the highest common divisor of 12 and 78.
6
Calculate the highest common factor of 180 and 162.
18
What is the highest common divisor of 92 and 391?
23
What is the greatest common factor of 272 and 1224?
136
What is the greatest common divisor of 1617 and 2079?
231
Calculate the highest common divisor of 84 and 112.
28
What is the highest common factor of 44 and 33154?
22
What is the greatest common divisor of 7074 and 486?
54
Calculate the highest common factor of 4913 and 221.
17
What is the highest common divisor of 40 and 29340?
20
Calculate the highest common factor of 168 and 4452.
84
What is the greatest common divisor of 28 and 1148?
28
What is the greatest common divisor of 288 and 4536?
72
What is the highest common divisor of 2744 and 49?
49
Calculate the highest common divisor of 301 and 7.
7
What is the greatest common divisor of 172 and 4?
4
Calculate the highest common factor of 9 and 41.
1
Calculate the greatest common divisor of 234 and 4.
2
Calculate the greatest common factor of 15 and 1095.
15
Calculate the greatest common divisor of 7 and 8.
1
Calculate the greatest common factor of 111 and 37.
37
Calculate the highest common factor of 3246 and 12.
6
Calculate the greatest common divisor of 212 and 8.
4
What is the greatest common factor of 20824 and 16?
8
What is the greatest common divisor of 320 and 48?
16
Calculate the highest common divisor of 16 and 120.
8
Calculate the highest common divisor of 304 and 950.
38
What is the highest common factor of 23 and 736?
23
What is the highest common divisor of 1221 and 74?
37
What is the highest common factor of 1326 and 39?
39
Calculate the greatest common divisor of 477 and 36.
9
Calculate the highest common factor of 48 and 5672.
8
What is the greatest common factor of 30 and 50?
10
Calculate the highest common factor of 57 and 95.
19
Calculate the greatest common factor of 8651 and 82.
41
Calculate the greatest common divisor of 497 and 284.
71
What is the highest common divisor of 5588 and 396?
44
Calculate the greatest common divisor of 644 and 42.
14
What is the highest common factor of 960 and 75?
15
Calculate the greatest common factor of 12014 and 2.
2
What is the highest common factor of 171 and 19?
19
Calculate the greatest common divisor of 297 and 108.
27
Calculate the greatest common divisor of 48 and 21936.
48
Calculate the greatest common divisor of 5913 and 292.
73
What is the greatest common factor of 35 and 560?
35
What is the highest common divisor of 136 and 901?
17
Calculate the greatest common divisor of 42 and 3171.
21
Calculate the highest common factor of 176 and 64.
16
Calculate the highest common divisor of 162 and 27.
27
What is the greatest common factor of 5 and 11?
1
What is the highest common factor of 296 and 8?
8
Calculate the greatest common factor of 640 and 10.
10
Calculate the greatest common factor of 41 and 533.
41
What is the highest common divisor of 1235 and 80?
5
Calculate the greatest common factor of 154 and 176.
22
What is the greatest common divisor of 9786 and 28?
14
What is the highest common factor of 20 and 740?
20
What is the highest common factor of 140 and 2870?
70
What is the greatest common divisor of 1539 and 19?
19
Calculate the greatest common factor of 20 and 44.
4
What is the highest common divisor of 237 and 11?
1
Calculate the greatest common divisor of 250 and 7250.
250
What is the highest common divisor of 1552 and 97?
97
What is the highest common factor of 320 and 520?
40
Calculate the greatest common divisor of 121 and 33.
11
What is the highest common divisor of 176 and 242?
22
What is the greatest common divisor of 18 and 66?
6
What is the highest common divisor of 713 and 62?
31
Calculate the highest common factor of 96 and 96.
96
What is the greatest common divisor of 481 and 74?
37
Calculate the greatest common factor of 440 and 748.
44
Calculate the greatest common divisor of 9104 and 8.
8
Calculate the greatest common factor of 4081 and 616.
77
What is the greatest common divisor of 1458 and 135?
27
What is the highest common divisor of 97 and 16296?
97
What is the greatest common divisor of 34 and 2?
2
What is the greatest common factor of 55 and 2035?
55
Calculate the highest common factor of 200 and 5300.
100
Calculate the highest common divisor of 12567 and 639.
213
What is the highest common divisor of 2 and 526?
2
Calculate the greatest common factor of 2800 and 24.
8
Calculate the highest common divisor of 2928 and 64.
16
What is the highest common divisor of 333 and 9?
9
What is the highest common factor of 4189 and 142?
71
What is the highest common divisor of 5047 and 49?
49
What is the highest common divisor of 357 and 21?
21
What is the greatest common factor of 195 and 15?
15
What is the highest common factor of 606 and 3?
3
What is the greatest common divisor of 17 and 391?
17
Calculate the greatest common di